 the ten thousands digit of 10875?
1
What is the tens digit of 1021059?
5
What is the thousands digit of 757011?
7
What is the thousands digit of 31461390?
1
What is the units digit of 24277106?
6
What is the hundreds digit of 651521?
5
What is the thousands digit of 9166284?
6
What is the hundred thousands digit of 6820327?
8
What is the hundreds digit of 37318?
3
What is the ten thousands digit of 6298018?
9
What is the units digit of 7320150?
0
What is the units digit of 722093?
3
What is the units digit of 7880231?
1
What is the thousands digit of 296550?
6
What is the units digit of 859407?
7
What is the hundreds digit of 17257821?
8
What is the units digit of 425107?
7
What is the thousands digit of 4955310?
5
What is the ten millions digit of 10861434?
1
What is the hundreds digit of 15086185?
1
What is the millions digit of 5060152?
5
What is the ten thousands digit of 157806?
5
What is the tens digit of 5849064?
6
What is the units digit of 7540858?
8
What is the millions digit of 3707307?
3
What is the hundred thousands digit of 1780359?
7
What is the hundreds digit of 961974?
9
What is the hundreds digit of 4203767?
7
What is the hundreds digit of 127527?
5
What is the hundred thousands digit of 15068470?
0
What is the millions digit of 6576660?
6
What is the units digit of 80896?
6
What is the hundreds digit of 705016?
0
What is the units digit of 7430513?
3
What is the tens digit of 1091991?
9
What is the ten thousands digit of 2653408?
5
What is the millions digit of 1620412?
1
What is the tens digit of 2439361?
6
What is the hundred thousands digit of 613652?
6
What is the hundred thousands digit of 8954928?
9
What is the hundreds digit of 6449401?
4
What is the hundred thousands digit of 4052204?
0
What is the tens digit of 656507?
0
What is the thousands digit of 739099?
9
What is the units digit of 4297400?
0
What is the units digit of 1959320?
0
What is the ten thousands digit of 24701384?
0
What is the units digit of 144217?
7
What is the hundreds digit of 997839?
8
What is the ten thousands digit of 13328702?
2
What is the ten thousands digit of 3825890?
2
What is the units digit of 27602128?
8
What is the thousands digit of 7162866?
2
What is the ten thousands digit of 1624827?
2
What is the thousands digit of 2975235?
5
What is the units digit of 374466?
6
What is the ten thousands digit of 1683934?
8
What is the millions digit of 2284607?
2
What is the units digit of 1373330?
0
What is the millions digit of 1286286?
1
What is the hundred thousands digit of 11766340?
7
What is the thousands digit of 214738?
4
What is the hundreds digit of 45716?
7
What is the units digit of 288483?
3
What is the ten millions digit of 25373667?
2
What is the ten thousands digit of 18800?
1
What is the hundreds digit of 124457?
4
What is the tens digit of 4711518?
1
What is the ten thousands digit of 2478046?
7
What is the hundred thousands digit of 6840146?
8
What is the units digit of 742207?
7
What is the hundred thousands digit of 2361399?
3
What is the hundred thousands digit of 383852?
3
What is the units digit of 793077?
7
What is the units digit of 25581292?
2
What is the hundred thousands digit of 7320833?
3
What is the ten thousands digit of 57760?
5
What is the tens digit of 563646?
4
What is the hundreds digit of 102229?
2
What is the tens digit of 2986481?
8
What is the hundreds digit of 190681?
6
What is the tens digit of 971308?
0
What is the ten thousands digit of 660220?
6
What is the units digit of 116629?
9
What is the units digit of 10981571?
1
What is the thousands digit of 879238?
9
What is the units digit of 1290388?
8
What is the tens digit of 147409?
0
What is the millions digit of 12958896?
2
What is the hundred thousands digit of 192935?
1
What is the millions digit of 9356837?
9
What is the thousands digit of 552849?
2
What is the thousands digit of 5173?
5
What is the hundred thousands digit of 9094739?
0
What is the units digit of 1880776?
6
What is the hundreds digit of 263742?
7
What is the ten thousands digit of 353458?
5
What is the units digit of 978319?
9
What is the hundred thousands digit of 687459?
6
What is the thousands digit of 686094?
6
What is the thousands digit of 226041?
6
What is the hundreds digit of 127648?
6
What is the thousands digit of 181939?
1
What is the ten thousands digit of 256998?
5
What is the ten thousands digit of 37794?
3
What is the tens digit of 30787139?
3
What is the hundred thousands digit of 6450015?
4
What is the units digit of 1205034?
4
What is the hundreds digit of 274113?
1
What is the tens digit of 215046?
4
What is the tens digit of 354448?
4
What is the tens digit of 3312594?
9
What is the tens digit of 363070?
7
What is the hundred thousands digit of 1175526?
1
What is the thousands digit of 421765?
1
What is the hundreds digit of 308233?
2
What is the hundred thousands digit of 147167?
1
What is the ten thousands digit of 2082176?
8
What is the thousands digit of 286630?
6
What is the hundred thousands digit of 25170008?
1
What is the thousands digit of 7827448?
7
What is the thousands digit of 10252239?
2
What is the tens digit of 1250971?
7
What is the tens digit of 11559513?
1
What is the units digit of 330116?
6
What is the thousands digit of 1924712?
4
What is the units digit of 4433608?
8
What is the ten thousands digit of 26815688?
1
What is the hundreds digit of 4558984?
9
What is the tens digit of 52147?
4
What is the tens digit of 2962070?
7
What is the tens digit of 37230938?
3
What is the ten thousands digit of 1705350?
0
What is the thousands digit of 34320?
4
What is the units digit of 464663?
3
What is the ten thousands digit of 7141815?
4
What is the tens digit of 872544?
4
What is the ten thousands digit of 533678?
3
What is the hundreds digit of 16086313?
3
What is the hundred thousands digit of 2042168?
0
What is the ten thousands digit of 4155589?
5
What is the millions digit of 2191458?
2
What is the tens digit of 14531235?
3
What is the ten thousands digit of 1650817?
5
What is the hundreds digit of 634585?
5
What is the units digit of 23754947?
7
What is the tens digit of 6040874?
7
What is the tens digit of 2529852?
5
What is the hundreds digit of 5347580?
5
What is the thousands digit of 820006?
0
What is the millions digit of 2245488?
2
What is the units digit of 104444?
4
What is the ten thousands digit of 1993236?
9
What is the units digit of 588783?
3
What is the hundreds digit of 31553?
5
What is the hundreds digit of 175201?
2
What is the ten thousands digit of 184044?
8
What is the tens digit of 83609?
0
What is the hundred thousands digit of 27950458?
9
What is the hundred thousands digit of 4249576?
2
What is the hundreds digit of 260760?
7
What is the units digit of 1263950?
0
What is the hundred thousands digit of 2603873?
6
What is the millions digit of 4034130?
4
What is the thousands digit of 141536?
1
What is the hundred thousands digit of 477393?
4
What is the ten thousands digit of 575176?
7
What is the ten thousands digit of 2699246?
9
What is the ten thousands digit of 3128437?
2
What is the units digit of 173052?
2
What is the thousands digit of 846112?
6
What is the hundred thousands digit of 104193?
1
What is the thousands digit of 2507124?
7
What is the hundreds digit of 1714831?
8
What is the units digit of 3677942?
2
What is the ten thousands digit of 17681795?
8
What is the units digit of 3338854?
4
What is the millions digit of 5185704?
5
What is the hundred thousands digit of 415414?
4
What is the tens digit of 79153?
5
What is the thousands digit of 311082?
1
What is the thousands digit of 18497433?
7
What is the thousands digit of 1532337?
2
What is the thousands digit of 3826155?
6
What is the hundred thousands digit of 273540?
2
What is the hundreds digit of 15437097?
0
What is the hundred thousands digit of 6302867?
3
What is the units digit of 3437205?
5
What is the thousands digit of 7927973?
7
What is the ten thousands digit of 204934?
0
What is the thousands digit of 658704?
8
What is the units digit of 2974692?
2
What is the units digit of 2453996?
6
What is the tens digit of 4918421?
2
What is the hundred thousands digit of 9531733?
5
What is the millions digit of 7511648?
7
What is the thous